- 11 = -4*h + 5. Suppose y*l = 4*l - 6. What is b(l)?
8
Let j(m) = -m. Suppose 5*a = -2*v + 21 + 8, -3*a = 15. Let l be -57*(-6)/v - (-3)/9. Suppose l*p = 12*p - 8. Determine j(p).
8
Let d(u) be the second derivative of 5*u**4/24 - u**3/6 - 91*u**2/2 - 151*u. Let b(t) be the first derivative of d(t). Give b(-1).
-6
Let l(i) = -6*i - 1. Suppose -a = 4*h - 6*h + 12, -2*h = 4*a - 2. Let t be (2/h)/((-119)/(-35) - 3). What is l(t)?
-7
Let k(a) = 12*a**2 - 2*a + 1. Let j(u) be the second derivative of u**4/12 + u**3/6 - 5*u**2/2 - 4*u. Suppose 8*i = 2 - 26. Let v be j(i). What is k(v)?
11
Let t(x) = x**3 - 18*x**2 + 19*x - 27. Let f(k) = -31*k - 200. Let s be f(-7). What is t(s)?
7
Suppose -51*x - 5*w - 10 = -47*x, 8 = -4*w. Let q(u) = -4*u - 18. Calculate q(x).
-18
Let x(y) = -4*y - y + 2*y - 1. Let r = -117885 - -117883. What is x(r)?
5
Let a(h) = 78*h - 1259. Let d(i) = -31*i + 502. Let l(y) = 5*a(y) + 13*d(y). Give l(17).
10
Let p(u) = -u**3 + 11*u**2 - 11*u - 5. Let d(i) = 2*i + 1. Let a(f) = -2*d(f) + p(f). Determine a(9).
20
Let g(p) be the third derivative of 1/4*p**4 + 0 - 5/6*p**3 + 3*p**2 + 0*p + 1/60*p**5. Suppose -4*r = -5*r + i - 6, -r - 4*i = 6. Give g(r).
-5
Let p(v) = v**3 - 2*v**2 + 14*v + 1 - 30*v + 12*v + 4 - 3*v. Give p(4).
9
Let b(o) be the second derivative of 0*o**2 - 11*o - 17/3*o**3 + 0 + 1/30*o**5 + 1/360*o**6 + 1/12*o**4. Let z(g) be the second derivative of b(g). Give z(-5).
7
Let w(q) be the first derivative of -q**4/4 - 8*q**3/3 + 9*q**2/2 + 7*q - 3804. Suppose 0 = -5*o - 50 + 5. Give w(o).
7
Let k(x) = x**3 + 8*x**2. Let s(g) be the first derivative of g**4 - g**2/2 - 18. Let i be s(1). Suppose i*q + q + 32 = 0. Give k(q).
0
Let g be -14 + (12 - (-11 + 6)). Let v(o) = 7*o**2 - 25*o + 4. Give v(g).
-8
Let p(j) = -8*j**3 - 17*j**2 - 1. Let i(r) = 4*r**3 + 9*r**2 + 1. Let l(z) = 11*i(z) + 6*p(z). Calculate l(-3).
86
Let m(u) = 12 - 27 + 2 + 3*u + 10 + 10 + 3. Let r be (6/4)/((-2)/4). Determine m(r).
1
Let q(m) = m - 3. Let f = 32 + -36. Let a = -1 - f. Let t be -1 + (-4 + 12 - a). Give q(t).
1
Let a(w) = 20*w + 1. Let h = -50 + 54. Suppose 3*t + 15 = 6*t. Suppose 2*q - 7 = -t*x, -x - 4*x + 1 = -h*q. Give a(q).
21
Let u(h) be the first derivative of -h**3/3 + 2*h**2 + 1. Let v(m) = 14*m + 59 + 3*m**2 - 69 - 2*m**2. Let s be v(-15). Determine u(s).
-5
Let u(g) = 12*g**2 - 14*g + 13. Let c(s) = s**2 - s + 1. Let j(w) = -22*c(w) + 2*u(w). Let a(i) be the first derivative of j(i). Determine a(-9).
-42
Let m(x) be the second derivative of 5*x**4/2 + x**3/3 + x**2/2 + 9*x + 91. Determine m(-1).
29
Let b(l) = 6*l - 3*l**2 + 2*l**2 + 20 - 21*l + 9*l + 15*l. Give b(9).
20
Let a(q) = -5*q + 27. Let l(v) = v**2 - 302*v + 3754. Let o be l(13). What is a(o)?
42
Let h(o) be the second derivative of o**4/12 - 2*o**3 + 17*o**2 + 99*o - 33. Calculate h(9).
7
Let d = 8488 - 8488. Let z(b) = -b**2 + 17*b - 7. Give z(d).
-7
Let j(w) = w**2 + 56*w - 174. Suppose -104 + 296 = 64*h. What is j(h)?
3
Let t(u) be the second derivative of -u**3/2 + u**2/2 + u. Let i = -407 - -1051. Let l = 649 - i. Determine t(l).
-14
Let u(q) be the third derivative of -2*q**3 + 0*q - 5/24*q**4 + 0 - 13*q**2. Let r(n) = 14*n + 36. Let y(d) = 3*r(d) + 8*u(d). What is y(-8)?
-4
Let n be (-4)/(((-7)/6)/(-7)*-3). Suppose 3*g = -2*k + 4*g + n, 3*k - 12 = 4*g. Let d(b) = -b**2 + 1 + 7*b + b - 3*b. Give d(k).
5
Let r(h) = h**3 + 5*h**2 + 5*h + 1. Suppose -44 = 63*n + 14 + 5. Give r(n).
0
Let y(a) = -210 + 188 + 260*a - 249*a + 2*a**2. Determine y(-7).
-1
Let w(u) be the third derivative of 1/6*u**3 + 0 - 5*u + 1/12*u**4 - 2*u**2 - 1/60*u**5. Give w(-1).
-2
Let p(u) = -u. Let x = 38 - 35. Let h be -19 + 0/(-4) + x. Let r = h + 21. Give p(r).
-5
Suppose -2*b - 38 = b + 4*n, -3*n - 21 = b. Let v(x) = -3*x**2 - 12*x + 14. Give v(b).
-22
Let t(q) = 1. Let x(s) = s - 5. Let y(r) = -18*t(r) + 2*x(r). Let b be y(12). Let w = b + 5. Let a(k) = 3*k - 1. What is a(w)?
2
Let u(j) be the second derivative of -2/3*j**3 - 178*j - 1/10*j**5 + 0*j**4 + 3/2*j**2 + 0. Calculate u(1).
-3
Suppose u + 3*z = -446, 4*z = 3*u + 1246 + 66. Let r = u + 444. Let y(v) = -4*v + 10. Determine y(r).
-6
Let o(k) = 2*k**3 - 75*k**2 - 9*k + 153. Let x(s) = s**3 - 35*s**2 - 5*s + 76. Let u(c) = 6*o(c) - 13*x(c). Give u(4).
-10
Let l(w) = -94*w - 282. Let h be l(-3). Suppose -v = -4*k + 3, -2*k - 3*k - 3*v = -8. Suppose h = -z + k. Let g(b) = -2*b**3 - 1. Calculate g(z).
-3
Let k be 1/5 + 59/5. Suppose -k = -n - 3*n. Let s(f) = -2*f - 5291 + 2636 - 2*f + 4*f**2 + 2659 - f**2. Give s(n).
19
Let b(v) = -13*v**3 + 13*v**2 - 13*v - 1. Let o(y) = 7*y**3 - 7*y**2 + 7*y + 1. Let m = -33 + 48. Suppose n = 26 - m. Let f(c) = n*o(c) + 6*b(c). Give f(0).
5
Suppose 1017 = 11*l + 1094. Let p(g) = g**3 + 7*g**2 + 6*g - 2. Calculate p(l).
-44
Let l(m) = -m**3 - 9*m**2 + 14*m + 12. Let j(t) = -2*t - 40. Let g be j(-15). Determine l(g).
-28
Let u = -71 + 86. Suppose 3*k - 5 = -r, 7*r + u = k + 10*r. Let t(w) be the second derivative of -w**4/12 - 2*w**2 - w. Calculate t(k).
-4
Let u(r) = -1714*r + 860*r - 165 + 850*r. Give u(-39).
-9
Let t(v) be the second derivative of -v**3/6 - 4*v**2 + v. Let b(r) = -r + 146. Let l be b(43). Suppose 34*f - 345 = l*f. What is t(f)?
-3
Suppose 0 = 6*r + 3 + 21. Let g(v) = -3*v**3 - 7*v**2 - 3*v + 9. Let f(x) = -x**3 + x**2 - 3*x - 1. Let z(a) = r*f(a) + g(a). Give z(10).
3
Let w(t) be the second derivative of -t**3 + t**2/2 - 273*t - 5. What is w(1)?
-5
Let k(x) = -x**2 - 8*x - 7. Let j = -1 - -44. Suppose 0 = -9*q + j - 7. Suppose -4*m - o + q*o = 34, m + 5*o = 3. Give k(m).
0
Let o(r) be the first derivative of r**3/3 + 7*r**2/2 + 17*r - 291. Suppose 0 = -9*t - 62 + 17. What is o(t)?
7
Let w(o) = 5*o**2 + o - 16. Let y(d) = -2 + 12 - d**2 - 9. Let j(m) = w(m) + 6*y(m). Let i be 4/(-26) + 8/52. What is j(i)?
-10
Suppose -2*x + 10 = -4*q, -137*x + 32 = -139*x - 3*q. Let g(v) = 0*v**2 + 15 - 1111*v + v**2 + 1122*v. What is g(x)?
-13
Suppose -1401*l - 573 = -1348*l - 202. Let u(k) = -k**2 - 8*k - 15. Give u(l).
-8
Let c(b) = 28 + 54*b**2 - 3*b + 44*b + 632*b**3 + 14*b - 634*b**3. Determine c(28).
0
Let u(a) be the first derivative of -a**3/3 - 7*a**2/2 - 6*a + 1. Let d(h) = 2*h + 16. Let g be d(-4). Let s = 3 - g. Give u(s).
4
Let q(v) = -2*v + 6*v - 11 - 4*v + v. Let s(u) = -u + 13. Let f(k) = -5*q(k) - 4*s(k). Determine f(3).
0
Let b be (-52 - -47)/(20/44). Let l(i) = 3*i + 18. What is l(b)?
-15
Let z(v) = -v**3 + 3*v**2 + 7*v - 2. Let m(c) = -2*c**3 + c**2 + 5*c - 3. Let n(t) = t. Let g(p) = m(p) + 3*n(p). Let a(s) = -2*g(s) + 3*z(s). Determine a(-6).
6
Let m(j) = -j**3 - j. Let c(o) = o**2 + o - 1. Suppose 0 = -4*f - 15 + 3. Let n(p) = f*c(p) - m(p). Let d(a) = -a**2 + 146*a + 1234. Let h be d(-8). Give n(h).
-5
Let x(p) = -69*p + 1594. Let i be x(23). Let d(r) = -3*r - 3. Calculate d(i).
-24
Let n(q) = -q. Let c(f) = 4*f + 3. Let s(w) = -c(w) - 5*n(w). Let g(p) = -p**3 + 184*p**2 + 2987*p + 35. Let d be g(-15). Give s(d).
2
Let c(x) = -6*x - 1. Let h(t) = 12*t - 7. Let b(a) = -12*a + 9. Let g(w) = 5*b(w) + 6*h(w). Let q(u) = -10*c(u) - 4*g(u). Determine q(-2).
-26
Let x(m) = 15*m**3 - 4*m - 2 + 4*m - 13*m**3 - 2*m**2. Let n be 14/105 + (-516)/(-180). Determine x(n).
34
Let w(v) = -75*v**2 + 17*v - 16. Let b(p) = -3*p**2 + 1. Let o be b(-1). Let l(z) = -15*z**2 + 3*z - 3. Let u(t) = o*w(t) + 11*l(t). Give u(-1).
-15
Let q(g) = g**2 + g + 4. Let b be q(3). Let f(x) = 0 + 14*x - 54*x + 17*x + 16*x + 2 + 6*x. What is f(b)?
-14
Let k(p) = -p**2 + 6*p. Suppose 2850 = 32*m - 22*m. Let t be (-3)/(-6 - m/(-50)). Calculate k(t).
-40
Let y(h) = -h**2 + 6*h + 7. Let m(a) = 10*a**2 - 61*a - 70. Let w(l) = -6*m(l) - 62*y(l). Give w(-5).
66
Suppose 711 - 176 = 5*f. Let n(a) = a + f - 210 + 105. What is n(-10)?
-8
Let a(z) = 17*z + 24. Let y(r) = r**2 + 34*r + 168. Let j be y(-6). Give a(j).
24
Let x(m) = -m**2 - 7*m - 1. Suppose -3*b - 148 = -4*t - b, 0 = -t + b + 38. Suppose -3*w + 91 = 5*c + 18, 2*c = -2*w + 54. Let a = w - t. What is x(a)?
9
Suppose -32 = -5*d + d. Let f(v) = -3*v**3 - 8*v**2 + 32*v + 33. Let p(s) = s**3 + 2*s**2 - 10*s - 11. Let o(u) = 5*f(u) + 16*p(u). Determine o(d).
-11
Let t(h) = 2*h**2 + 4*h - 12. Let c be (-34)/(-6) + -2 - (-55)/165. Give t(c).
36
Let b(s) = 2*s + 12 -